0
Let f(z) = -11*z**3 + 2*z**2 - 1. Let c(t) = -3*t - 32. Let g be c(-11). Calculate f(g).
-10
Let b(y) = y**2 + 8*y + 4. Suppose p - 8*p - 49 = 0. Calculate b(p).
-3
Let k(q) be the first derivative of -q**5/60 + q**4/4 - 4*q**3/3 + 4. Let o(c) be the third derivative of k(c). Determine o(5).
-4
Let a(q) = q**3 - q + 6. Suppose -d - 20 = -3*h + 3, 4*d - h + 48 = 0. Let s = d - -16. Let f = s - 5. Calculate a(f).
6
Let j(c) = -c - 7. Suppose -3*u + 0*u = 0. Let h(g) = u*g**3 - 2*g**2 - 4*g**2 + 4*g + 5 + g**3. Let a be h(5). Calculate j(a).
-7
Let j(m) = -m**2 + m + 1. Let c(a) = -a**3 + 7*a**2 - 3*a - 8. Suppose -4*f = 4*b - 8, 3*f - 3 = -5*b + 1. Let n(k) = b*c(k) - 6*j(k). Give n(2).
0
Let f(s) = -2*s**2 + 5*s - 4. Let n = -46 - -49. Determine f(n).
-7
Let x be 6 + -5 + 2 + -1. Let a(q) = q**x - 8*q + 13*q + 0*q - 1. Suppose -2*y - y - 24 = 4*h, 3*h = 4*y + 7. What is a(y)?
-5
Let y(r) be the second derivative of r**5/20 + r**4/12 - r**3/2 - 3*r**2/2 - r. Suppose 0 = 2*p + 1 + 3. Calculate y(p).
-1
Suppose 0 = 4*q - q - 9. Let r(w) = 0*w**3 + w**3 + w + 0 - 3 - 3*w - 2*w**2. Calculate r(q).
0
Let j(u) = 2*u**3 - 3*u**2 + 2*u - 3. Suppose -1 = f + 1. Let d be (24/(0 - 2))/f. Suppose d*b - 6 = 3*b. Determine j(b).
5
Let n(s) be the second derivative of s**5/20 + s**4/12 - s**3/6 + s**2 + 14*s. Give n(0).
2
Suppose -3*s - 4*r + r + 3 = 0, -2*s + r = -2. Let b(z) = -z - 20*z**2 + 21*z**2 + 0*z. Determine b(s).
0
Let l(m) = m - 9. Suppose b = x + 1, 5 = 2*b - 0*x - x. Calculate l(b).
-5
Let p(k) = -k**2 + 5*k + 12. Let g be p(6). Let q(v) = v**2 - 5*v - 1. Determine q(g).
5
Let g(w) = 3*w**3 + 2*w**2 + 2. Let x(b) = -2*b - 12. Let c be 42/(-9) + (-2)/6. Let j be x(c). Determine g(j).
-14
Let h(c) be the third derivative of c**5/60 - c**4/4 - 2*c**3/3 - 13*c**2. What is h(6)?
-4
Suppose -3 = -0*x - x. Let i be (1 - 0 - 2) + 5. Let o(g) = 5 + i*g - 1 - 5*g - 1. Give o(x).
0
Let g(r) = -r - 4. Let i = 46 + -54. Calculate g(i).
4
Let v(l) = l**2 + 3*l - 4. Let x(i) = -2*i - 33. Let f be x(-15). What is v(f)?
-4
Suppose -5*a + a + 16 = 2*y, 5*a = -y + 17. Let d(o) = -3*o**3 + 3*o**a - 3*o**2 - 4 - o + 4*o**3 - 3*o**3. Calculate d(4).
8
Let l(u) = -u + 8. Suppose -5*v = 4*b - 21, -b - 20 + 4 = -3*v. Suppose -9 = -4*x - 4*o + 15, -10 = -v*x + 5*o. Determine l(x).
4
Let g(s) = -6 + s + 0 - 2*s**2 + 4. Determine g(3).
-17
Let z(u) = 3*u - 8. Let y(a) = -3*a + 9. Let w(j) = 5*y(j) + 6*z(j). Give w(3).
6
Let k(m) = -m**2 + 7*m + 4. Let c(l) = -l**2 - 9*l. Let a be c(-8). Let p be k(a). Let h(f) = f**2 + 3*f. Calculate h(p).
4
Let q = -21 + 26. Let i(p) = p**3 - 4*p**2 - 5*p + 6. Calculate i(q).
6
Let x(d) = -d**3 - 2*d**2 + 4*d + 3. Let j(l) = 3*l - 21. Let f be j(6). Calculate x(f).
0
Let q(t) = -6*t. Suppose 30 = g + 4*g. Let c(o) = -o**2 + 6*o + 1. Let s be c(g). Calculate q(s).
-6
Let l(p) = -3*p**3 + 2*p**2 - 2*p + 1. Let y(z) = -z**2 - 10*z + 1. Let o be y(-10). Calculate l(o).
-2
Suppose -4*j + 8*j + 12 = 0, -2*j - 11 = -5*s. Let u(v) = -v**2 + v. Calculate u(s).
0
Suppose 2*z - 8 = 8. Let f(x) = -x**2 + 10*x - 10. Determine f(z).
6
Let c(w) = -4*w + 5*w**2 + w - 3*w - 4*w**2 - 11. What is c(8)?
5
Let d(p) be the second derivative of -p**4/12 + p**3/2 - 3*p**2/2 + 7*p. Determine d(2).
-1
Let j(t) = t**3 - t**2 + t + 5. Let c be j(0). Suppose c*a - 12 = 2*d - 4, 4*a = 2*d + 6. Let o(l) = -l - d + 1. Determine o(3).
-3
Let y(v) = 5. Let l(w) = -11. Let p(b) = -4*l(b) - 9*y(b). Let f(m) = m**2 - 6. Let j(a) = -f(a) - 3*p(a). Give j(0).
9
Let b(m) = -7*m + 11. Let f(w) = 15*w - 23. Let t(k) = 13*b(k) + 6*f(k). Let a be t(0). Suppose -n = a*q + 4*n, -n = -q. Let d(z) = -z + 5. Give d(q).
5
Let v be 1/1 + (-7)/(-1). Let k(n) = -n**3 - 3*n**2 - v*n**3 + 2*n + 1 + 3*n**2. What is k(-1)?
8
Let v(z) = 2*z + 6. Let i(t) = -2*t - 7. Let n(b) = 2*i(b) + 3*v(b). Give n(-5).
-6
Let f(c) = -c**2 + 14*c - 41. Let p be f(8). Let k(h) = -4*h + 4. Determine k(p).
-24
Let a(b) = 8*b**2 + 7*b + 9. Let l(x) = 9*x**2 + 7*x + 10. Let p(f) = 6*a(f) - 5*l(f). What is p(-4)?
24
Let g(k) = -k**2 + k - 23. Let a(y) = y**3 + 5*y**2 + 3*y + 15. Let o be a(-5). Determine g(o).
-23
Let w(o) be the first derivative of o**2/2 + 5*o - 5. Determine w(-5).
0
Let o(j) be the second derivative of -j**5/20 + j**4/3 - j**3/2 - j. Give o(2).
2
Suppose 0 = a + 5, -a + 1 + 0 = 2*f. Let o(u) = -u**2 - u**3 - 2*u - 2 + 3*u**f - u**3. Calculate o(-2).
-10
Suppose -4*l = -3*h - 17 + 6, 0 = -2*l - 2*h + 16. Let s(d) be the third derivative of d**4/24 - 7*d**3/6 + 2*d**2. Calculate s(l).
-2
Suppose 0*y = -2*y + 4. Let v(l) = -l**y + 0*l - 8*l + 10*l + 2*l + 2. Suppose -5*u = -6*u + 5, 4*u = -5*m + 40. Give v(m).
2
Let l(b) = b**3 - 2*b**2 - 2*b. Let k be l(2). Let p be (-2)/k*0 - -5. Suppose -p*d + 2 + 8 = 0. Let y(t) = -4*t + 3. Give y(d).
-5
Let o(d) = d + 2. Let g be (0 + 1)*(-7 + -2). Let r = -13 - g. Determine o(r).
-2
Let b(d) = 5 - 6 + 7*d + 4. Give b(-3).
-18
Suppose -10 + 16 = 2*i. Let w(q) = -i + 17*q**3 - q**2 - 2*q - 9*q**3 - 7*q**3 + 5. Calculate w(2).
2
Suppose -5*i + 13 = -7. Let c(v) = v - 5. What is c(i)?
-1
Let a(d) = 3*d**3 - 5*d**2 + 11*d - 11. Let g(y) = 2*y**3 - 3*y**2 + 7*y - 7. Let q(p) = -2*p + 5. Let t be q(5). Let w(r) = t*a(r) + 8*g(r). Give w(-2).
-7
Suppose 3 = b + 1. Let h(t) = 3*t**b + t - t - 3*t + t**3. Determine h(-4).
-4
Let w(a) be the first derivative of -11*a**3/3 + a**2/2 - 26. What is w(-1)?
-12
Let j(p) = -p**3 + 5*p**2 + p + 5. Suppose 3*c + 29 = 4*n, -5*n + 2 = 2*c + 6. Let t = 12 + c. Give j(t).
10
Let x(k) = k + 11. Let t be (5/(-10))/1*(-24 - -2). Determine x(t).
22
Suppose -20 = 5*l + 10. Let v(q) = -q**2 + 10*q + 1. Let b be v(10). Let p be (-3)/((-9)/l)*b. Let n(t) = -t**3 + 2*t + 1. Calculate n(p).
5
Let q = -7 + 8. Let v(f) = f**3 + 1. Give v(q).
2
Let f = 19 + -14. Let q = -1 + f. Let u(g) = g**2 - 5*g + 3. Give u(q).
-1
Let r(g) be the first derivative of g**4/4 + 2*g**3/3 + g**2/2 + 2*g + 1. Let q be -3 - -6 - (0 + 5). Determine r(q).
0
Let w(a) = 4*a**3 - 7*a**2 + 4*a + 1. Let b(k) = k**3 - k + 1. Let c(h) = -3*b(h) + w(h). Give c(6).
4
Let i = 10 + -4. Let z = 8 - i. Let f(a) = -4*a + 2. Determine f(z).
-6
Let t(b) = -b**2 + 6*b + 4. Let u(c) = 2*c**2 - 12*c - 7. Let o(j) = 5*t(j) + 2*u(j). Let n be 4/((80/(-25))/(-4)). Give o(n).
11
Let b(n) = -n - 4. Suppose -6 = 3*s - s. Let m(f) = 2*f + 7. Let a(d) = s*m(d) - 5*b(d). What is a(0)?
-1
Let i(m) = m + 2. Let h(k) = k**2 - 4*k - 6. Let g be h(4). What is i(g)?
-4
Let l(r) = -4 + 3 + 2*r + 0. Let o be (2 - -3)*(-9)/(-15). Suppose -o + 1 = -y. What is l(y)?
3
Let h(i) = -4*i. Suppose 0 = -0*m + 3*m + 4*l + 2, -3*m - 4 = 5*l. What is h(m)?
-8
Let f(j) = -j**2 - j - 3. Let b be f(0). Let m(w) = -7*w**2 - 4*w - 7. Let i(z) = -10*z**2 - 6*z - 10. Let l(d) = -5*i(d) + 7*m(d). Calculate l(b).
4
Let l(b) = -b + 3. Let m be l(1). Suppose -m*s = -0*s. Let o(c) = -c**3 - c**2 - c - 7. Calculate o(s).
-7
Suppose -17 = -2*f - 3*x, -f - 2*f - 4*x = -24. Let y(r) = -4 + r - 4*r + 4*r. Calculate y(f).
0
Let a(h) be the first derivative of -5*h**3/3 + 3*h**2/2 - 6*h + 3. Let v(w) = w**2 + 1. Let m(g) = -a(g) - 4*v(g). Let y = -1 + 3. What is m(y)?
0
Let i(l) = -4*l**3 - 2*l**2 + 7*l + 3. Let r(o) = 3*o**3 + o**2 - 6*o - 2. Let b(m) = 4*i(m) + 5*r(m). Let p = -5 - -3. Determine b(p).
2
Suppose 17 = 4*w - s, 5*w - 14 = 2*s + 5. Let h = 10 + -6. Let a(d) = -h*d - 1 + 5*d + 0*d - 2. Determine a(w).
2
Let j(z) = -3*z**3 - 10*z**2 - 8*z + 8. Let g(x) = 2*x**3 + 7*x**2 + 5*x - 5. Let i(k) = -8*g(k) - 5*j(k). Suppose -4*b + 5*q - 8 - 6 = 0, -2*q = 4. Give i(b).
0
Suppose -3*k + 4*k + 3*g = 0, 5*k = -5*g + 20. Let s(d) be the first derivative of d**3/3 - 3*d**2 + 5*d - 8. Give s(k).
5
Let y be (1 + -1)/(5 + -4). Let f(k) = 0*k - k**3 + 0*k + 3 - 4*k**2 + y*k**2. Suppose 5*a + 1 = -19. Give f(a).
3
Let f be 21/7*(-8)/(-6). Let o(j) = 6*j - 6. Determine o(f).
18
Suppose 5*n = -t - 31 + 4, 3*n + 17 = -t. Let u(a) = a**3 + 6*a**2 + 4*a - 5. Calculate u(n).
0
Let w(r) = r**3 + 3*r**2 + r - 2. Let q(a) = a - 8. Let y be q(6). What is w(y)?
0
Let i(b) = -3*b**3. Let m(c) = -3*c - 19. Let z be m(-6). Calculate i(z).
3
Let g(j) = -1 + j - 1 + 1. Let i(u) be the third derivative of -u**4/24 + 3*u**3/2 - 6*u**2. Let q(x) = 4*g